pose 239 = -y*f + 1152. What is the units digit of f?
3
Suppose -3*f + 2*c + 47801 = -6853, 0 = -3*f + 4*c + 54642. What is the ten thousands digit of f?
1
Let k be -6 - (-2 - 9/((-45)/(-10))). Let a(f) = 102*f**2 - f - 3. What is the units digit of a(k)?
7
Suppose 4*q + 121 = 9. What is the tens digit of (-6)/42 - 7004/q?
5
Suppose -2*u + 4717 = -3*f + 1850, -5*u - 5*f = -7105. Suppose -u = 10*j + 34. Let y = j + 231. What is the tens digit of y?
8
Suppose -91*q + 120*q - 19546 = 0. What is the hundreds digit of q?
6
Let d = 354 - 352. What is the tens digit of (2 - 144/(-10))/(d/110)?
0
Suppose 0 = -12*k + 8*k. Suppose -3*m - 5*d + 139 = 0, 0 = m - k*m + 2*d - 46. What is the units digit of ((-64)/m)/(3/(774/(-4)))?
6
Suppose -88 = b - 4*g, -5 = b + 4*g + 43. Let s be ((4 - 5) + b)/1. Let p = -57 - s. What is the tens digit of p?
1
Suppose 0 = 7*r + 10 - 24. Suppose 5*p - 3862 = -r*s, -1536 = 11*p - 13*p - 3*s. What is the tens digit of p?
7
Let v = -43 - -47. Suppose 4*z = 4*n + 1536, -n - 390 = 5*z - v*z. What is the units digit of (2/(-12)*-4)/((-1)/n)?
8
What is the thousands digit of (-54915)/108*-4 - 2/36*-2?
2
Suppose 11*z = 23*z + 1872. Let y = z + 427. What is the tens digit of y?
7
Let v(w) = -2*w + 38. Let u = 136 - 122. What is the units digit of v(u)?
0
Let q(l) be the first derivative of 157*l**2 + l + 6. Let n(t) = -157*t. Let h(m) = 5*n(m) + 2*q(m). What is the hundreds digit of h(-1)?
1
Suppose 2*i + 4*l = 44, -i + 34 = 3*l + 7. Suppose -3*k = -4*c + 12, -4*k + 2*c - 11 = 15. What is the tens digit of i/k*(-140)/6?
3
Suppose 4*h - 6 = l, 2*h = -4*l - 1 + 13. Suppose 251 = l*g - 277. Suppose -5*j + 331 = 4*i, 0 = -4*j + 4*i - 7*i + g. What is the units digit of j?
3
Let g(n) = -6*n**3 - 73*n**2 - 104*n + 20. What is the hundreds digit of g(-14)?
6
Let r(z) = -8*z**3 + 2*z**2 + 3*z + 11. Let q be -3 - ((-8)/12)/((-8)/12). What is the tens digit of r(q)?
4
Let l(j) be the second derivative of j**5/20 - j**4/6 - j**3/6 + 75*j**2 - 8*j - 1. What is the units digit of l(0)?
0
Suppose -1728 + 1740 = 4*p. Let w(g) = -46*g + 1. Let m be w(-1). Suppose m = 2*x - p. What is the units digit of x?
5
Suppose 38*t - 4358700 = -2*t - 35*t. What is the units digit of t?
6
Let l be (-36)/9 - -5 - -1. What is the units digit of 7 + (-4 + 2376)/l?
3
Let i = -6527 - -8851. What is the thousands digit of i?
2
Suppose 10*h = -25*h + 46235. Suppose 3*p - h = -4*r, -r - 3*p = -3*r + 647. What is the tens digit of r?
2
Let k be ((-24)/14)/((-4)/(-196)*-2). Let p = 7 + -10. What is the tens digit of k + 3*1/p?
4
Suppose 24*b = 28*b - 3*l - 31557, -31562 = -4*b + 2*l. What is the thousands digit of b?
7
Let t = 8621 + -2886. What is the units digit of t?
5
What is the hundreds digit of (-1 - 3 - -2652)*686/56?
4
Suppose 0*y + y - 966 = 0. Suppose 4*f = -266 + y. Suppose 15 = -8*s + f. What is the tens digit of s?
2
Let c = 198 - 190. Let l(u) = 46*u + 156. What is the units digit of l(c)?
4
Let c be 2/((-35)/75 + (-3)/15). Let s be -5 + (5 - c - -1). What is the units digit of (16/3 - 2)/(s/66)?
5
What is the hundreds digit of (-35)/(-28)*-2 - 315711/(-22)?
3
Suppose 2*b = 12*d - 16*d + 13182, -3*d = -b + 6566. What is the tens digit of b?
8
Suppose -1405 = 5*l - 3*z, -5*l = z - 281 + 1666. Let b = -151 - l. Let r = b + -62. What is the units digit of r?
5
Suppose -5*t = -123 + 58. Let x be 132/(-13) - (-2)/t. Let w(z) = -9*z + 3. What is the units digit of w(x)?
3
Let d(b) be the third derivative of b**6/60 + 3*b**4/2 + 7*b**3/3 - 41*b**2 - 2*b. What is the tens digit of d(7)?
5
Suppose -41061*q + 231360 = -41053*q. What is the hundreds digit of q?
9
Suppose 0 = 486*f - 501*f + 79305. What is the thousands digit of f?
5
Let s(j) be the third derivative of 0*j - 11/6*j**3 - 19*j**2 + 7/12*j**4 + 0 + 1/60*j**5. What is the tens digit of s(-19)?
8
Let i be (30/100*-15)/((-1)/958). Suppose -4*l + 1736 = -5*f - 2567, -4*l = 3*f - i. What is the thousands digit of l?
1
Suppose -7*g - 14*g + 147 = 0. Suppose -3065 = -g*p - 286. What is the hundreds digit of p?
3
Suppose 4*k = -5*i - 3220, -3*k - 5 = -2*k. Let g = -336 - i. What is the hundreds digit of g?
3
Let z(r) = 7*r - 6. Let m be (-4)/2 + 0*(-6)/(-30). Let g be 4 - (-4 + 4)/(m*1). What is the units digit of z(g)?
2
Suppose 0 = 2*k - 4*k - 8, 10285 = 3*l - 4*k. Suppose 26*p + l = 33*p. What is the tens digit of p?
8
Let p(w) = -4*w**3 + 3*w - 6*w**3 + 3*w**2 + 1 - 6*w**3. Let a be p(-2). Suppose a = 2*t - 7. What is the units digit of t?
1
Let k(j) = 34*j**3 - 18*j + 113. What is the units digit of k(6)?
9
Let k = -3 - 2. Let g = -12 - k. What is the tens digit of (8/10)/(g/(-385))?
4
Let z = -22022 + 31467. What is the units digit of z?
5
Let p = 6911 + 4183. What is the thousands digit of p?
1
Suppose 378 = -2*j + 140. Let f = j - -119. Suppose 2*u - 2*n = 272, f*u - 3*n = u - 120. What is the units digit of u?
2
What is the units digit of 42/(-3) + 1*8444?
0
Suppose -4*m + 26132 + 53768 = 0. What is the units digit of m?
5
Suppose 2*x + 167 = 3*a, 133 = -4*x + 5*a - 200. Let t = x + 346. What is the units digit of t?
4
Let w = -86 - -426. Suppose 5*q - w = -5*q. What is the units digit of q?
4
Let j(t) = -t**2 - 6*t - 1. Let d be j(-4). Suppose -d*w - 3630 = -18*w. What is the units digit of w?
0
Suppose 0 = -10*o - 5*o - 40620. Let q = -1555 - o. What is the tens digit of q?
5
Suppose -5*h - 3*o - 342 = -2*o, -2*o = 5*h + 344. Let b = 144 + h. What is the units digit of (-96)/(-4)*b/16?
4
Let n = 54 - 50. Suppose -6*m + m - b = -14, 0 = -2*m - n*b + 2. Suppose -3*q + 362 = -4*i, -6*q - m*i + 230 = -4*q. What is the units digit of q?
8
Suppose 0 = 3*p - 1313 - 2092. Suppose p = 59*r - 54*r. What is the hundreds digit of r?
2
Suppose -113988 = -3*n - 2*i, 125*i - 129*i = -12. What is the hundreds digit of n?
9
Suppose 1242532 + 278690 = 60*n - 1404318. What is the units digit of n?
9
Let b(u) = 131*u + 17. Let t(n) = 2. Let r(f) = 196*f + 39. Let c(p) = 2*r(p) - 14*t(p). Let o(s) = 17*b(s) - 6*c(s). What is the units digit of o(-2)?
9
Suppose -15*u + 11*u = 3*s - 45705, 4*s - 60909 = 5*u. What is the ten thousands digit of s?
1
Suppose -8*t + 5000 = -18*t. Let i = t + 1264. Suppose -18*j - i = -22*j. What is the units digit of j?
1
Let w be ((-33)/(-22))/(-1 - 332/(-320)). Let c = 157 - w. What is the hundreds digit of c?
1
Let r(d) = d**3 + 70*d**2 + 15*d + 342. What is the thousands digit of r(-69)?
4
Let n(t) = t**2 - 4*t + 2. Let g be n(-4). Let b be 3/2 - 345/(-10). Let o = g + b. What is the tens digit of o?
7
Suppose -280299 + 976182 = 56*k - 466621. What is the thousands digit of k?
0
Let l = 2681 - 785. Let a = l - 1162. What is the hundreds digit of a?
7
Let q = -1728 + 5257. Let s = -2421 + q. What is the thousands digit of s?
1
Suppose 317636 + 254122 = 34*k + 110888. What is the ten thousands digit of k?
1
Suppose -5*h + 42 = -158. Let t = -30 + h. What is the tens digit of (-4)/t - 685/(-25)?
2
Let s = 2 + 5. Let j(h) = -h + 27 - 6*h**2 + 17 + h**3 - 60 + 21. What is the units digit of j(s)?
7
Let d(i) = 9*i**2 + i + 50*i**2 - 9 + 2*i - 2. Let a be d(3). Suppose 4*q = -2*j + 513 - 157, -3*j = 5*q - a. What is the units digit of j?
8
Let l = -97 + 97. Suppose -o + 4*m - 564 = -5*o, l = -2*o - 4*m + 288. Let p = o + -44. What is the units digit of p?
4
Let u be -4*(-7)/112 - (-25)/(-4). Let c = u + 329. What is the tens digit of c?
2
Let f = 5431 - -451. What is the thousands digit of f?
5
Suppose i = 4*i - 18. Suppose -t + 2*o + 339 = 0, -672 = -2*t - 2*o - 0*o. Suppose 11 = i*g - t. What is the tens digit of g?
5
Let y(a) = -a**3 + 4*a**2 - 74*a + 35. What is the ten thousands digit of y(-25)?
2
Let k be 2/((-2)/(-2)) - 0 - -75. Let a = k - -54. What is the tens digit of a?
3
What is the tens digit of ((-1820)/(-630))/(3/25407)?
6
Suppose -27*v + 4048 = -26*v. What is the tens digit of v?
4
Suppose 4 = -w, -65 + 373 = 4*v - 5*w. Let n = v + -42. What is the tens digit of 56 + n/(-5) + 4?
5
Let c(w) = -279*w + 376. What is the tens digit of c(-94)?
0
Let o be 2*(-1 - 0)*(-1)/1. Suppose 5*x - 4252 = -o*l, -2*x + 1705 = 6*l - l. Suppose -x = -27*w + 22*w. What is the tens digit of w?
7
Let j = -6890 + 6892. What is the units digit of j?
2
Let a = 859 - -1021. Let s = a - 581. What is t